{"id":2993,"date":"2024-08-01T09:40:26","date_gmt":"2024-08-01T08:40:26","guid":{"rendered":"https:\/\/mecoskop.lu\/promises\/systematische-umsetzung-des-nationalen-klima-und-energieplanes\/"},"modified":"2025-11-18T11:41:04","modified_gmt":"2025-11-18T09:41:04","slug":"mise-en-oeuvre-systematique-du-plan-national-pour-le-climat-et-lenergie","status":"publish","type":"promises","link":"https:\/\/mecoskop.lu\/fr\/promises\/mise-en-oeuvre-systematique-du-plan-national-pour-le-climat-et-lenergie\/","title":{"rendered":"Mise en \u0153uvre syst\u00e9matique du plan national pour le climat et l&rsquo;\u00e9nergie"},"author":2,"featured_media":4517,"template":"","categories":[58],"class_list":["post-2993","promises","type-promises","status-publish","has-post-thumbnail","hentry","category-politique-energetique-et-climat"],"acf":[],"_links":{"self":[{"href":"https:\/\/mecoskop.lu\/fr\/wp-json\/wp\/v2\/promises\/2993","targetHints":{"allow":["GET"]}}],"collection":[{"href":"https:\/\/mecoskop.lu\/fr\/wp-json\/wp\/v2\/promises"}],"about":[{"href":"https:\/\/mecoskop.lu\/fr\/wp-json\/wp\/v2\/types\/promises"}],"author":[{"embeddable":true,"href":"https:\/\/mecoskop.lu\/fr\/wp-json\/wp\/v2\/users\/2"}],"version-history":[{"count":14,"href":"https:\/\/mecoskop.lu\/fr\/wp-json\/wp\/v2\/promises\/2993\/revisions"}],"predecessor-version":[{"id":5593,"href":"https:\/\/mecoskop.lu\/fr\/wp-json\/wp\/v2\/promises\/2993\/revisions\/5593"}],"wp:featuredmedia":[{"embeddable":true,"href":"https:\/\/mecoskop.lu\/fr\/wp-json\/wp\/v2\/media\/4517"}],"wp:attachment":[{"href":"https:\/\/mecoskop.lu\/fr\/wp-json\/wp\/v2\/media?parent=2993"}],"wp:term":[{"taxonomy":"category","embeddable":true,"href":"https:\/\/mecoskop.lu\/fr\/wp-json\/wp\/v2\/categories?post=2993"}],"curies":[{"name":"wp","href":"https:\/\/api.w.org\/{rel}","templated":true}]}}

Mise en œuvre systématique du plan national pour le climat et l&rsquo;énergie
