{"id":2999,"date":"2024-08-01T09:42:36","date_gmt":"2024-08-01T08:42:36","guid":{"rendered":"https:\/\/mecoskop.lu\/promises\/vorfinanzierung-von-massnahmen-im-energiebereich-fuer-sozial-schwache-haushalte-sicherstellen\/"},"modified":"2025-12-22T10:55:11","modified_gmt":"2025-12-22T08:55:11","slug":"assurer-le-prefinancement-des-mesures-dans-le-domaine-de-lenergie-pour-les-menages-vulnerables","status":"publish","type":"promises","link":"https:\/\/mecoskop.lu\/fr\/promises\/assurer-le-prefinancement-des-mesures-dans-le-domaine-de-lenergie-pour-les-menages-vulnerables\/","title":{"rendered":"Assurer le pr\u00e9financement des mesures dans le domaine de l&rsquo;\u00e9nergie pour les m\u00e9nages vuln\u00e9rables"},"author":2,"featured_media":4517,"template":"","categories":[58],"class_list":["post-2999","promises","type-promises","status-publish","has-post-thumbnail","hentry","category-politique-energetique-et-climat"],"acf":[],"_links":{"self":[{"href":"https:\/\/mecoskop.lu\/fr\/wp-json\/wp\/v2\/promises\/2999","targetHints":{"allow":["GET"]}}],"collection":[{"href":"https:\/\/mecoskop.lu\/fr\/wp-json\/wp\/v2\/promises"}],"about":[{"href":"https:\/\/mecoskop.lu\/fr\/wp-json\/wp\/v2\/types\/promises"}],"author":[{"embeddable":true,"href":"https:\/\/mecoskop.lu\/fr\/wp-json\/wp\/v2\/users\/2"}],"version-history":[{"count":15,"href":"https:\/\/mecoskop.lu\/fr\/wp-json\/wp\/v2\/promises\/2999\/revisions"}],"predecessor-version":[{"id":5972,"href":"https:\/\/mecoskop.lu\/fr\/wp-json\/wp\/v2\/promises\/2999\/revisions\/5972"}],"wp:featuredmedia":[{"embeddable":true,"href":"https:\/\/mecoskop.lu\/fr\/wp-json\/wp\/v2\/media\/4517"}],"wp:attachment":[{"href":"https:\/\/mecoskop.lu\/fr\/wp-json\/wp\/v2\/media?parent=2999"}],"wp:term":[{"taxonomy":"category","embeddable":true,"href":"https:\/\/mecoskop.lu\/fr\/wp-json\/wp\/v2\/categories?post=2999"}],"curies":[{"name":"wp","href":"https:\/\/api.w.org\/{rel}","templated":true}]}}

Assurer le préfinancement des mesures dans le domaine de l&rsquo;énergie pour les ménages vulnérables
