{"id":3042,"date":"2024-08-01T10:09:40","date_gmt":"2024-08-01T09:09:40","guid":{"rendered":"https:\/\/mecoskop.lu\/promises\/ausbau-der-sensibilisierung-sowie-der-umweltbildung\/"},"modified":"2025-11-18T11:35:15","modified_gmt":"2025-11-18T09:35:15","slug":"developpement-de-mesures-de-sensibilisation-et-deducation-a-lenvironnement","status":"publish","type":"promises","link":"https:\/\/mecoskop.lu\/fr\/promises\/developpement-de-mesures-de-sensibilisation-et-deducation-a-lenvironnement\/","title":{"rendered":"D\u00e9veloppement de mesures de sensibilisation et d&rsquo;\u00e9ducation \u00e0 l&rsquo;environnement"},"author":2,"featured_media":4571,"template":"","categories":[26],"class_list":["post-3042","promises","type-promises","status-publish","has-post-thumbnail","hentry","category-democratie"],"acf":[],"_links":{"self":[{"href":"https:\/\/mecoskop.lu\/fr\/wp-json\/wp\/v2\/promises\/3042","targetHints":{"allow":["GET"]}}],"collection":[{"href":"https:\/\/mecoskop.lu\/fr\/wp-json\/wp\/v2\/promises"}],"about":[{"href":"https:\/\/mecoskop.lu\/fr\/wp-json\/wp\/v2\/types\/promises"}],"author":[{"embeddable":true,"href":"https:\/\/mecoskop.lu\/fr\/wp-json\/wp\/v2\/users\/2"}],"version-history":[{"count":13,"href":"https:\/\/mecoskop.lu\/fr\/wp-json\/wp\/v2\/promises\/3042\/revisions"}],"predecessor-version":[{"id":5587,"href":"https:\/\/mecoskop.lu\/fr\/wp-json\/wp\/v2\/promises\/3042\/revisions\/5587"}],"wp:featuredmedia":[{"embeddable":true,"href":"https:\/\/mecoskop.lu\/fr\/wp-json\/wp\/v2\/media\/4571"}],"wp:attachment":[{"href":"https:\/\/mecoskop.lu\/fr\/wp-json\/wp\/v2\/media?parent=3042"}],"wp:term":[{"taxonomy":"category","embeddable":true,"href":"https:\/\/mecoskop.lu\/fr\/wp-json\/wp\/v2\/categories?post=3042"}],"curies":[{"name":"wp","href":"https:\/\/api.w.org\/{rel}","templated":true}]}}

Développement de mesures de sensibilisation et d&rsquo;éducation à l&rsquo;environnement
