{"id":3045,"date":"2024-08-01T10:10:45","date_gmt":"2024-08-01T09:10:45","guid":{"rendered":"https:\/\/mecoskop.lu\/promises\/beschleunigung-der-prozeduren-zum-ausbau-der-erneuerbaren-energien\/"},"modified":"2025-11-24T12:37:51","modified_gmt":"2025-11-24T10:37:51","slug":"accelerer-les-procedures-de-developpement-des-energies-renouvelables","status":"publish","type":"promises","link":"https:\/\/mecoskop.lu\/fr\/promises\/accelerer-les-procedures-de-developpement-des-energies-renouvelables\/","title":{"rendered":"Acc\u00e9l\u00e9rer les proc\u00e9dures de d\u00e9veloppement des \u00e9nergies renouvelables"},"author":2,"featured_media":4517,"template":"","categories":[58],"class_list":["post-3045","promises","type-promises","status-publish","has-post-thumbnail","hentry","category-politique-energetique-et-climat"],"acf":[],"_links":{"self":[{"href":"https:\/\/mecoskop.lu\/fr\/wp-json\/wp\/v2\/promises\/3045","targetHints":{"allow":["GET"]}}],"collection":[{"href":"https:\/\/mecoskop.lu\/fr\/wp-json\/wp\/v2\/promises"}],"about":[{"href":"https:\/\/mecoskop.lu\/fr\/wp-json\/wp\/v2\/types\/promises"}],"author":[{"embeddable":true,"href":"https:\/\/mecoskop.lu\/fr\/wp-json\/wp\/v2\/users\/2"}],"version-history":[{"count":13,"href":"https:\/\/mecoskop.lu\/fr\/wp-json\/wp\/v2\/promises\/3045\/revisions"}],"predecessor-version":[{"id":5786,"href":"https:\/\/mecoskop.lu\/fr\/wp-json\/wp\/v2\/promises\/3045\/revisions\/5786"}],"wp:featuredmedia":[{"embeddable":true,"href":"https:\/\/mecoskop.lu\/fr\/wp-json\/wp\/v2\/media\/4517"}],"wp:attachment":[{"href":"https:\/\/mecoskop.lu\/fr\/wp-json\/wp\/v2\/media?parent=3045"}],"wp:term":[{"taxonomy":"category","embeddable":true,"href":"https:\/\/mecoskop.lu\/fr\/wp-json\/wp\/v2\/categories?post=3045"}],"curies":[{"name":"wp","href":"https:\/\/api.w.org\/{rel}","templated":true}]}}

Accélérer les procédures de développement des énergies renouvelables
