{"id":3240,"date":"2024-10-14T13:30:48","date_gmt":"2024-10-14T12:30:48","guid":{"rendered":"https:\/\/mecoskop.lu\/promises\/gesetzlichen-rahmen-zur-verbesserung-der-wasserqualitaet-verbessern\/"},"modified":"2025-11-26T15:07:15","modified_gmt":"2025-11-26T13:07:15","slug":"gesetzlichen-rahmen-zur-verbesserung-der-wasserqualitaet-verbessern","status":"publish","type":"promises","link":"https:\/\/mecoskop.lu\/fr\/promises\/gesetzlichen-rahmen-zur-verbesserung-der-wasserqualitaet-verbessern\/","title":{"rendered":"Am\u00e9liorer le cadre l\u00e9gislatif pour am\u00e9liorer la qualit\u00e9 de l&rsquo;eau"},"author":2,"featured_media":4573,"template":"","categories":[62],"class_list":["post-3240","promises","type-promises","status-publish","has-post-thumbnail","hentry","category-gestion-de-l-eau"],"acf":[],"_links":{"self":[{"href":"https:\/\/mecoskop.lu\/fr\/wp-json\/wp\/v2\/promises\/3240","targetHints":{"allow":["GET"]}}],"collection":[{"href":"https:\/\/mecoskop.lu\/fr\/wp-json\/wp\/v2\/promises"}],"about":[{"href":"https:\/\/mecoskop.lu\/fr\/wp-json\/wp\/v2\/types\/promises"}],"author":[{"embeddable":true,"href":"https:\/\/mecoskop.lu\/fr\/wp-json\/wp\/v2\/users\/2"}],"version-history":[{"count":9,"href":"https:\/\/mecoskop.lu\/fr\/wp-json\/wp\/v2\/promises\/3240\/revisions"}],"predecessor-version":[{"id":5900,"href":"https:\/\/mecoskop.lu\/fr\/wp-json\/wp\/v2\/promises\/3240\/revisions\/5900"}],"wp:featuredmedia":[{"embeddable":true,"href":"https:\/\/mecoskop.lu\/fr\/wp-json\/wp\/v2\/media\/4573"}],"wp:attachment":[{"href":"https:\/\/mecoskop.lu\/fr\/wp-json\/wp\/v2\/media?parent=3240"}],"wp:term":[{"taxonomy":"category","embeddable":true,"href":"https:\/\/mecoskop.lu\/fr\/wp-json\/wp\/v2\/categories?post=3240"}],"curies":[{"name":"wp","href":"https:\/\/api.w.org\/{rel}","templated":true}]}}

Améliorer le cadre législatif pour améliorer la qualité de l&rsquo;eau
