{"id":660,"date":"2014-10-30T13:51:03","date_gmt":"2014-10-30T12:51:03","guid":{"rendered":"https:\/\/mecoskop.lu\/?post_type=promises&#038;p=660"},"modified":"2025-11-25T17:08:52","modified_gmt":"2025-11-25T15:08:52","slug":"faire-le-bilan-du-pacte-pour-la-nature-avec-les-communes-et-promouvoir-la-biodiversite-a-linterieur-des-localites","status":"publish","type":"promises","link":"https:\/\/mecoskop.lu\/fr\/promises\/faire-le-bilan-du-pacte-pour-la-nature-avec-les-communes-et-promouvoir-la-biodiversite-a-linterieur-des-localites\/","title":{"rendered":"Faire le bilan du pacte pour la nature avec les communes et promouvoir la biodiversit\u00e9 \u00e0 l&rsquo;int\u00e9rieur des localit\u00e9s"},"author":2,"featured_media":4573,"template":"","categories":[56],"class_list":["post-660","promises","type-promises","status-publish","has-post-thumbnail","hentry","category-protection-de-la-nature-et-biodiversite"],"acf":[],"_links":{"self":[{"href":"https:\/\/mecoskop.lu\/fr\/wp-json\/wp\/v2\/promises\/660","targetHints":{"allow":["GET"]}}],"collection":[{"href":"https:\/\/mecoskop.lu\/fr\/wp-json\/wp\/v2\/promises"}],"about":[{"href":"https:\/\/mecoskop.lu\/fr\/wp-json\/wp\/v2\/types\/promises"}],"author":[{"embeddable":true,"href":"https:\/\/mecoskop.lu\/fr\/wp-json\/wp\/v2\/users\/2"}],"version-history":[{"count":13,"href":"https:\/\/mecoskop.lu\/fr\/wp-json\/wp\/v2\/promises\/660\/revisions"}],"predecessor-version":[{"id":5868,"href":"https:\/\/mecoskop.lu\/fr\/wp-json\/wp\/v2\/promises\/660\/revisions\/5868"}],"wp:featuredmedia":[{"embeddable":true,"href":"https:\/\/mecoskop.lu\/fr\/wp-json\/wp\/v2\/media\/4573"}],"wp:attachment":[{"href":"https:\/\/mecoskop.lu\/fr\/wp-json\/wp\/v2\/media?parent=660"}],"wp:term":[{"taxonomy":"category","embeddable":true,"href":"https:\/\/mecoskop.lu\/fr\/wp-json\/wp\/v2\/categories?post=660"}],"curies":[{"name":"wp","href":"https:\/\/api.w.org\/{rel}","templated":true}]}}

Faire le bilan du pacte pour la nature avec les communes et promouvoir la biodiversité à l&rsquo;intérieur des localités
