{"id":710,"date":"2014-10-30T14:09:42","date_gmt":"2014-10-30T13:09:42","guid":{"rendered":"https:\/\/mecoskop.lu\/?post_type=promises&#038;p=710"},"modified":"2025-11-21T14:40:24","modified_gmt":"2025-11-21T12:40:24","slug":"priorite-a-la-multimodalite-aux-transports-publics-et-a-la-mobilite-douce","status":"publish","type":"promises","link":"https:\/\/mecoskop.lu\/fr\/promises\/priorite-a-la-multimodalite-aux-transports-publics-et-a-la-mobilite-douce\/","title":{"rendered":"Priorit\u00e9 \u00e0 la multimodalit\u00e9, aux transports publics et \u00e0 la mobilit\u00e9 douce"},"author":2,"featured_media":4565,"template":"","categories":[57],"class_list":["post-710","promises","type-promises","status-publish","has-post-thumbnail","hentry","category-mobilite"],"acf":[],"_links":{"self":[{"href":"https:\/\/mecoskop.lu\/fr\/wp-json\/wp\/v2\/promises\/710","targetHints":{"allow":["GET"]}}],"collection":[{"href":"https:\/\/mecoskop.lu\/fr\/wp-json\/wp\/v2\/promises"}],"about":[{"href":"https:\/\/mecoskop.lu\/fr\/wp-json\/wp\/v2\/types\/promises"}],"author":[{"embeddable":true,"href":"https:\/\/mecoskop.lu\/fr\/wp-json\/wp\/v2\/users\/2"}],"version-history":[{"count":19,"href":"https:\/\/mecoskop.lu\/fr\/wp-json\/wp\/v2\/promises\/710\/revisions"}],"predecessor-version":[{"id":5742,"href":"https:\/\/mecoskop.lu\/fr\/wp-json\/wp\/v2\/promises\/710\/revisions\/5742"}],"wp:featuredmedia":[{"embeddable":true,"href":"https:\/\/mecoskop.lu\/fr\/wp-json\/wp\/v2\/media\/4565"}],"wp:attachment":[{"href":"https:\/\/mecoskop.lu\/fr\/wp-json\/wp\/v2\/media?parent=710"}],"wp:term":[{"taxonomy":"category","embeddable":true,"href":"https:\/\/mecoskop.lu\/fr\/wp-json\/wp\/v2\/categories?post=710"}],"curies":[{"name":"wp","href":"https:\/\/api.w.org\/{rel}","templated":true}]}}

Priorité à la multimodalité, aux transports publics et à la mobilité douce
